{"id":4324,"date":"2017-10-10T18:43:11","date_gmt":"2017-10-10T18:43:11","guid":{"rendered":"http:\/\/www.sylwesterszmyd.pl\/?page_id=4324"},"modified":"2017-10-10T18:43:11","modified_gmt":"2017-10-10T18:43:11","slug":"szmydcoaching","status":"publish","type":"page","link":"http:\/\/www.sylwesterszmyd.pl\/?page_id=4324","title":{"rendered":"SzmydCoaching"},"content":{"rendered":"<p>Po d\u0142ugiej zawodowej karierze postanowi\u0142em zaj\u0105\u0107 si\u0119 tym co mnie w pracy kolarza zawodowego poci\u0105ga\u0142o i pasjonowa\u0142o zawsze najbardziej: <a href=\"http:\/\/szmydcoaching.com\/\" rel=\"noopener\" target=\"_blank\">przygotowaniem fizycznym i psychologicznym zawodnika<\/a>.<\/p>\n<p>Wiedz\u0119 i do\u015bwiadczenie zdobyte przez 16 lat \u015bcigania si\u0119 w Word Tourowych dru\u017cynach kolarskich chc\u0119 przekaza\u0107 dalej. Nie wa\u017cne czy \u015bcigasz si\u0119 na rowerze czy tylko je\u017adzisz dla przyjemno\u015bci. Wa\u017cne, \u017ce stawiasz sobie cele a ja pomog\u0119 Ci je osi\u0105gn\u0105\u0107.<\/p>\n<p>Nie zatrzymuj\u0105c si\u0119 tylko na zdobytej wiedzy praktycznej, wci\u0105\u017c si\u0119 dokszta\u0142cam i zdobywam jak najwi\u0119ksz\u0105 wiedz\u0119 teoretyczn\u0105 z zakresu fizjologi wysi\u0142ku sportowego i wszelkich aspekt\u00f3w z tym zwi\u0105zanych. Od dw\u00f3ch lat studiuj\u0119 na WSKFiT w Pruszkowie, w zesz\u0142ym roku uzyska\u0142em przy PZKol stopie\u0144 Instruktora Sportu w kolarstwie oraz UCI Sport Director Diploma w Aigle w siedzibie UCI.<\/p>\n<p>Zapraszam do zapoznania si\u0119 z moja ofert\u0105 na stron\u0119 <a href=\"http:\/\/szmydcoaching.com\/\" rel=\"noopener\" target=\"_blank\">szmydcoaching.com<\/a><\/p>\n","protected":false},"excerpt":{"rendered":"<p>Po d\u0142ugiej zawodowej karierze postanowi\u0142em zaj\u0105\u0107 si\u0119 tym co mnie w pracy kolarza zawodowego poci\u0105ga\u0142o i pasjonowa\u0142o zawsze najbardziej: przygotowaniem fizycznym i psychologicznym zawodnika. Wiedz\u0119 i do\u015bwiadczenie zdobyte przez 16 lat \u015bcigania si\u0119 w Word Tourowych dru\u017cynach kolarskich chc\u0119 przekaza\u0107 dalej. Nie wa\u017cne czy \u015bcigasz si\u0119 na rowerze czy tylko&#8230;<\/p>\n","protected":false},"author":1,"featured_media":0,"parent":0,"menu_order":0,"comment_status":"closed","ping_status":"closed","template":"","meta":{"ngg_post_thumbnail":0,"footnotes":""},"class_list":["post-4324","page","type-page","status-publish","hentry"],"jetpack_sharing_enabled":true,"_links":{"self":[{"href":"http:\/\/www.sylwesterszmyd.pl\/index.php?rest_route=\/wp\/v2\/pages\/4324","targetHints":{"allow":["GET"]}}],"collection":[{"href":"http:\/\/www.sylwesterszmyd.pl\/index.php?rest_route=\/wp\/v2\/pages"}],"about":[{"href":"http:\/\/www.sylwesterszmyd.pl\/index.php?rest_route=\/wp\/v2\/types\/page"}],"author":[{"embeddable":true,"href":"http:\/\/www.sylwesterszmyd.pl\/index.php?rest_route=\/wp\/v2\/users\/1"}],"replies":[{"embeddable":true,"href":"http:\/\/www.sylwesterszmyd.pl\/index.php?rest_route=%2Fwp%2Fv2%2Fcomments&post=4324"}],"version-history":[{"count":1,"href":"http:\/\/www.sylwesterszmyd.pl\/index.php?rest_route=\/wp\/v2\/pages\/4324\/revisions"}],"predecessor-version":[{"id":4325,"href":"http:\/\/www.sylwesterszmyd.pl\/index.php?rest_route=\/wp\/v2\/pages\/4324\/revisions\/4325"}],"wp:attachment":[{"href":"http:\/\/www.sylwesterszmyd.pl\/index.php?rest_route=%2Fwp%2Fv2%2Fmedia&parent=4324"}],"curies":[{"name":"wp","href":"https:\/\/api.w.org\/{rel}","templated":true}]}}